2
Calculate the greatest common divisor of 13930 and 595.
35
What is the highest common factor of 132 and 83358?
66
Calculate the highest common divisor of 367017 and 861.
21
What is the greatest common divisor of 1176 and 68502?
294
What is the highest common factor of 1065 and 146615?
355
Calculate the greatest common factor of 67304 and 94.
94
Calculate the highest common divisor of 204 and 72012.
204
Calculate the highest common factor of 327 and 569307.
327
Calculate the highest common factor of 47 and 1402339.
47
Calculate the greatest common divisor of 45 and 114705.
45
What is the greatest common divisor of 161 and 5516?
7
Calculate the greatest common divisor of 12404 and 69244.
28
What is the highest common divisor of 306 and 329409?
153
Calculate the greatest common divisor of 1734 and 2830755.
867
Calculate the highest common factor of 1088 and 7208.
136
Calculate the highest common divisor of 165 and 2102661.
33
What is the highest common factor of 1808 and 69721?
113
Calculate the highest common factor of 1666 and 70.
14
What is the greatest common divisor of 42 and 54048?
6
Calculate the greatest common divisor of 30 and 153420.
30
Calculate the greatest common factor of 328 and 546202.
82
Calculate the greatest common divisor of 570 and 3116.
38
What is the highest common divisor of 11110 and 125240?
1010
What is the greatest common divisor of 62664 and 2376?
24
What is the greatest common divisor of 138 and 78338?
46
Calculate the highest common divisor of 2135 and 21245.
35
What is the greatest common divisor of 105 and 353445?
15
What is the greatest common factor of 878832 and 3590?
718
What is the highest common divisor of 234 and 2938?
26
What is the greatest common divisor of 729 and 16200?
81
Calculate the greatest common factor of 268231 and 347.
347
Calculate the highest common factor of 120380 and 1170.
130
What is the highest common divisor of 166700 and 900?
100
Calculate the highest common divisor of 20805 and 5840.
365
What is the greatest common factor of 154892 and 8?
4
Calculate the highest common divisor of 6191 and 453.
151
Calculate the highest common divisor of 130372 and 176.
44
Calculate the greatest common divisor of 429 and 711711.
429
Calculate the highest common divisor of 147585 and 6.
3
What is the highest common factor of 48 and 88112?
16
What is the highest common divisor of 640 and 1535?
5
Calculate the greatest common factor of 162 and 690.
6
What is the highest common divisor of 14 and 2217026?
14
Calculate the greatest common divisor of 4116 and 210.
42
What is the greatest common divisor of 276 and 16404?
12
Calculate the greatest common divisor of 180 and 9800.
20
What is the highest common divisor of 21098 and 10626?
154
Calculate the highest common divisor of 1003 and 2771.
17
Calculate the greatest common divisor of 290 and 260014.
58
What is the highest common divisor of 2178 and 1870?
22
What is the greatest common divisor of 1012 and 526999?
253
What is the greatest common divisor of 1408733 and 899?
899
What is the highest common divisor of 1250 and 355?
5
Calculate the greatest common factor of 50640 and 1020.
60
What is the highest common divisor of 50 and 2872700?
50
Calculate the greatest common divisor of 400884 and 2508.
132
Calculate the greatest common divisor of 70 and 17710.
70
What is the highest common divisor of 43401 and 1776?
111
What is the greatest common divisor of 7857 and 4074?
291
Calculate the greatest common factor of 6313 and 58957.
107
Calculate the highest common factor of 2033 and 38817.
19
What is the highest common factor of 100 and 384700?
100
Calculate the greatest common divisor of 377 and 38744.
29
What is the highest common divisor of 105 and 12033?
21
What is the highest common factor of 127393 and 21?
7
What is the greatest common divisor of 11466 and 3458?
182
What is the greatest common divisor of 7 and 341467?
7
Calculate the highest common divisor of 1183 and 1309.
7
Calculate the highest common divisor of 3071 and 7844.
37
What is the highest common divisor of 458 and 38?
2
Calculate the greatest common factor of 50 and 2833.
1
What is the greatest common factor of 2354616 and 1485?
297
What is the highest common divisor of 1216 and 134672?
304
What is the greatest common divisor of 308 and 728?
28
Calculate the greatest common factor of 56465 and 23.
23
What is the greatest common factor of 1847 and 49?
1
Calculate the greatest common factor of 1037 and 2601.
17
What is the greatest common factor of 126478 and 22?
22
Calculate the greatest common factor of 458404 and 16.
4
Calculate the greatest common divisor of 32037 and 724.
181
Calculate the highest common divisor of 220978 and 313.
313
What is the greatest common divisor of 7124 and 2444?
52
What is the highest common divisor of 1976 and 513?
19
What is the greatest common divisor of 8927 and 3503?
113
What is the highest common factor of 37912 and 72?
8
What is the highest common divisor of 96564 and 39?
39
Calculate the highest common divisor of 2645287 and 97.
97
What is the greatest common divisor of 91275 and 60?
15
What is the highest common factor of 216 and 91728?
72
Calculate the greatest common divisor of 146340 and 75.
15
Calculate the highest common factor of 34365 and 75840.
1185
Calculate the highest common factor of 273470 and 92.
46
What is the highest common divisor of 8925510 and 645?
645
Calculate the highest common factor of 152 and 683582.
38
What is the greatest common factor of 13504 and 3?
1
Calculate the highest common divisor of 19404 and 110.
22
Calculate the highest common divisor of 877035 and 1770.
885
Calculate the greatest common divisor of 223583 and 23.
23
What is the highest common factor of 392020 and 21760?
340
What is the highest common divisor of 106112 and 5504?
128
Calculate the highest common factor of 310 and 186992.
62
Calculate the greatest common factor of 22 and 20086.
22
Calculate the highest common divisor of 627 and 1090980.
627
Calculate the greatest common factor of 113808 and 384.
48
Calculate the greatest common factor of 45 and 384687.
9
What is the greatest common divisor of 5992 and 32?
8
Calculate the greatest common factor of 162 and 3294.
54
Calculate the highest common factor of 177671 and 104754.
1027
What is the highest common factor of 10 and 533155?
5
Calculate the greatest common divisor of 25902 and 180.
18
Calculate the highest common factor of 284007 and 861.
123
Calculate the greatest common factor of 63 and 666.
9
What is the greatest common factor of 164 and 104058?
82
Calculate the greatest common factor of 19936 and 12.
4
What is the highest common divisor of 362501 and 19?
19
What is the greatest common factor of 245353 and 219?
73
Calculate the highest common divisor of 2340108 and 36.
36
Calculate the greatest common divisor of 5595 and 43268.
373
Calculate the highest common divisor of 67 and 65459.
67
What is the highest common divisor of 1253779 and 1724?
431
What is the greatest common divisor of 1068 and 44500?
356
Calculate the highest common factor of 316120 and 200.
40
Calculate the highest common divisor of 66487 and 17.
17
What is the greatest common factor of 18179 and 40817?
343
Calculate the highest common factor of 30 and 226902.
6
What is the greatest common factor of 13991 and 17?
17
What is the greatest common factor of 340 and 14610?
10
What is the greatest common divisor of 4752 and 768636?
1188
What is the greatest common factor of 3132 and 8700?
348
What is the highest common divisor of 1759810 and 1170?
130
What is the highest common divisor of 7424 and 9408?
64
Calculate the highest common factor of 22860 and 5.
5
Calculate the highest common factor of 91611 and 48633.
1131
Calculate the highest common factor of 3870 and 162.
18
Calculate the highest common divisor of 1394 and 977194.
1394
What is the greatest common divisor of 131439 and 264?
33
What is the greatest common divisor of 189 and 1859571?
189
Calculate the highest common factor of 294 and 2583231.
147
What is the greatest common factor of 96 and 61008?
48
Calculate the highest common divisor of 2514324 and 573.
573
Calculate the greatest common factor of 29475 and 17925.
75
Calculate the highest common factor of 876517 an